ve z(b).
8
Let x(f) = 0*f - 10*f + 5*f + 4*f. Determine x(-4).
4
Let h(j) = -3*j**2 + 3*j + 2. Let k(i) = -10*i**2 + 9*i + 6. Let s(v) = 7*h(v) - 2*k(v). Let n(x) = -x + 8. Let w be n(4). Determine s(w).
-2
Let c be (-2 - -2)/(-1)*1. Suppose -20 = 4*a - c*a. Let l(f) = 8*f + 19 - 6*f - 14. Calculate l(a).
-5
Let d(w) = 0*w + 3*w**3 + 3*w - 9*w + 5*w**2 - 5 - 2*w**3. Let o = 7 + -13. Give d(o).
-5
Suppose -3*a - 4 = 4*o, -4*a + 1 = 5*o + 5. Let q(n) = -4 - 3*n + a*n + n**2 - 5*n. Determine q(4).
-4
Let l(j) = 5*j - 3*j**2 + j + 4 + 2*j**2 + 4. Give l(6).
8
Let g(r) be the first derivative of r**4/4 - 2*r**3/3 + 3*r**2/2 + 1. Suppose -3 = 2*o - 1. Let f = o + 3. What is g(f)?
6
Let g(w) be the first derivative of 9*w**2/2 + 1. Let d be 3 + 0 - 2 - -2. Suppose 0*q = -3*q + d. Calculate g(q).
9
Suppose 2*k - 5*a - 8 = 0, -3*a + 18 = 5*k - 10*k. Let v(u) = u**2 + u - 4. Let t(x) = x**2 + 2*x - 3. Let l(y) = 6*t(y) - 5*v(y). What is l(k)?
-4
Let a(u) be the third derivative of u**6/120 - u**3/2 - u**2. Suppose 0 = -4*d + d. Give a(d).
-3
Let y(z) be the first derivative of -z**3/3 - 2*z**2 + 3*z + 43. Suppose 5*a + 26 = 6. Let o(u) = u**2 + 3*u - 2. Let m be o(a). Determine y(m).
-9
Suppose 0 = -5*q + 4*q. Suppose q*r + 27 = -3*r. Let d be 1*r/(-6)*-2. Let y(j) = 2*j**2 + 4*j + 2. Give y(d).
8
Suppose -2*c + 4*k + 8 = 0, c - k = 2*c + 2. Let z(t) = -t**2 - t + 4. Let n be z(c). Let o(f) = -f - 2*f**3 - 2*f**3 + 3*f**3 + 4*f**2. Calculate o(n).
-4
Let v(p) = -p**3 + 4*p**2 + 3*p + 7. Let k be (0 + 2)*((-3)/(-6) + 2). Calculate v(k).
-3
Let n(t) = 6*t. Let j(h) = -h**3 + 10*h**2 + 10*h + 12. Let p = -10 + 21. Let r be j(p). Give n(r).
6
Let n(l) = 0*l + l + 1 - 2*l + 5*l. Calculate n(-1).
-3
Let w(g) = -3*g - 6. Let l(s) = 5*s - 3. Let u(y) = -6*y + 4. Let m(n) = 5*l(n) + 4*u(n). Let j(z) = 6*m(z) + w(z). Calculate j(-1).
-3
Let c(d) = 4*d**3 - 4*d**2 + 2*d + 1. Let j(v) = 3*v**3 - 4*v**2 + v. Let z(h) = 4*c(h) - 5*j(h). Let l = 14 - 29. Let b = l - -12. Calculate z(b).
4
Let u(z) = 2*z**2 - 3*z + 4. Let g be u(-6). Let i(b) = -94*b - 2 + g*b + b**2. Calculate i(2).
2
Let t(j) = -j**2 - j - 1. Let o(l) = l**2 + 4*l + 1. Let u(b) = o(b) + 2*t(b). Calculate u(2).
-1
Let b(c) = -c**2 + 2*c. Let d be (0 + 5)/((-55)/(-22)). Determine b(d).
0
Suppose -8 = 3*s - 17. Let y(a) be the first derivative of 5/3*a**3 - 1/4*a**4 - s - 2*a**2 + a. Give y(3).
7
Suppose -3*y - 6 = 4*o, 4*y = -4*o - 3 - 1. Suppose 2*p - 10 - 8 = 0. Let u(n) = -p + 4 + 1 - 4*n. Give u(o).
8
Let f(n) be the second derivative of n**4/2 - n**3/6 - 32*n. What is f(2)?
22
Let k(l) = -5 - 20*l + 14*l + 7*l. What is k(6)?
1
Let y(a) = a + 18. Suppose -5*w = -6*w - 12. Determine y(w).
6
Suppose 5*v - 5 = 10. Let t(i) = -2 - 3*i - 2 - v. Determine t(-5).
8
Let h(f) be the first derivative of -3*f**2 + 4*f + 21. Give h(-4).
28
Suppose -n = n - 40. Suppose n = -c + 6*c. Let h(d) = 3*d**3 - 7*d**2 + d + 3. Let z(r) = -r**3 + r**2 + r. Let v(m) = h(m) + 2*z(m). Give v(c).
-1
Suppose -5*g = -0*g + 15. Let h be (-21)/3*-1*1. Let w = h + g. Let u(m) = -m**3 + 5*m**2 - 3*m - 2. Calculate u(w).
2
Let x(c) = -2*c**3 - 10*c**2 - c - 9. Let t be x(-5). Let g(v) be the third derivative of v**6/120 + v**5/20 - 5*v**4/24 - v**2. Calculate g(t).
4
Let w(m) be the first derivative of m**3/3 - 3*m**2/2 - 3*m - 4. Give w(3).
-3
Suppose -8 = 3*m + 7. Let z(h) = h**3 + h**2 + 0*h**3 - 5 - 6*h + 3*h**2. Determine z(m).
0
Suppose -23 = -3*g + 4*s, -11 - 5 = -2*g + 3*s. Let o(t) = 2*t + 1. What is o(g)?
11
Let w(k) = -4*k - 23. Let x be w(-4). Let i(v) = -2*v - 6*v - 2 + 4. Let j(p) = -17*p + 5. Let y(s) = x*i(s) + 3*j(s). Determine y(-1).
-4
Let n be (-12)/5*(1 - -4). Let l = n - -17. Let m(w) = -4*w + 2. Let k(p) = -7*p + 3. Let o(c) = 3*k(c) - 5*m(c). Calculate o(l).
-6
Let g(h) = h**3 + 4*h**2 - 5*h + 1. Let c = 58 - 63. Give g(c).
1
Let w(y) = 2*y**3 + 1 - 9*y**3 + 2*y - 4*y**2 + 6*y**3 + 7*y**2. Determine w(-2).
17
Let n be 22/12 + (-2)/(-12). Let u(y) = -y + 1. Calculate u(n).
-1
Suppose -5*l + 39 = -3*m, 2*m = -5*l - 1 + 25. Let x be -1 - l*(-2)/(-4). Let q(t) = -t**2 - 3*t + 2. Determine q(x).
-2
Let c(z) = -2*z**2 - z. Suppose 8*b - 2 = 6*b. Calculate c(b).
-3
Let x(s) be the third derivative of 3*s**6/40 - s**5/60 + s**4/24 - s**3/6 + 24*s**2. Calculate x(1).
8
Let y(w) = 3*w**2 + 4*w - 7. Let x(r) = 16*r**2 + 19*r - 34. Let s(u) = -2*x(u) + 11*y(u). Let k be s(-7). Let g(q) = q**2 - q + 2. Determine g(k).
8
Suppose -5*c - 5*f = -10, -5*f = 4*c + 4 - 17. Let n(t) be the first derivative of t**4/4 + 2*t**3/3 - t**2/2 + t - 2. Calculate n(c).
-5
Let y(i) = 70*i - 151*i + 77*i. Give y(-2).
8
Let a = 13 + -16. Let f(r) = r**2 + r + 3. Give f(a).
9
Let g(d) = d**2 + d**3 - 1 - d - 2*d**3 + 5*d**3. Let v be ((-1)/3)/(4/(-84)). Let x = v - 8. Determine g(x).
-3
Let r(t) be the first derivative of t**4/4 + t**3/3 - t**2 - 3*t - 10. Suppose -3*m - 1 - 5 = 0. Determine r(m).
-3
Let g(b) = b + 35 + 3*b + 10*b. Let k(t) = -5*t - 12. Let i(z) = 4*g(z) + 11*k(z). Give i(-6).
2
Suppose 3*v = -0*j - 2*j + 15, -2*v + 3 = -j. Let m(y) = y - 9. Let s(k) = 1. Let f(c) = 2*m(c) + 14*s(c). Give f(v).
2
Let r(g) = g - 6. Let d = -65 + 59. Determine r(d).
-12
Suppose 51 = 12*g + 5*g. Let w(f) = f - 5. What is w(g)?
-2
Let w = 8 + 0. Let x(l) = l**3 - 9*l**2 + 8*l + 9. Calculate x(w).
9
Let w(q) be the third derivative of q**5/60 + 3*q**4/8 - q**3 - 5*q**2. Let a = -3 - 7. Let p be w(a). Let l(z) = -z**2 + 5*z - 3. Determine l(p).
1
Let r(a) = -3*a**2 - 3*a - 6. Let z(i) = 18 + 14*i + 16*i**2 - 1 + 13. Suppose -2*q = -8, 5*g = -5*q - 0*q - 35. Let v(o) = g*r(o) - 2*z(o). What is v(-5)?
6
Suppose 5*p - 3*p = 4*r + 12, -r = 2*p + 3. Let x(t) = p*t - t + 2*t - t**2. Calculate x(-3).
-12
Let d(n) = -8*n**3 + n**2 - 1. Let x = 3 + 0. Let i(l) = l + 1. Let z be i(x). Suppose z*j + 2 + 2 = 0. Determine d(j).
8
Let k(s) = -s + 1. Let d(z) = 3 + 6*z - 5*z + 3. Let j be d(-12). Calculate k(j).
7
Let f(v) = 5*v + 4. Let q(o) = -o - 1. Let g be q(0). Let p(t) = -t. Let k(w) = g*f(w) - 6*p(w). Let u be k(3). Let m(y) = y - 1. Determine m(u).
-2
Let w be 5*(3 - (1 - -1)). Let f = 20 - w. Let h be ((-2)/(-5))/((-3)/f). Let m(d) = -d**3 - 3*d**2 - 2*d - 1. Give m(h).
-1
Let y(c) be the first derivative of -c**7/140 + c**6/180 - c**5/120 + c**3 + 2. Let k(d) be the third derivative of y(d). Determine k(1).
-5
Suppose 0*l + 27 = -3*l. Let f = l - -9. Let m(h) = -h**3 + 5*h**2 + 3*h + 6. Let p(x) = x**3 - 4*x**2 - 2*x - 6. Let b(a) = 3*m(a) + 4*p(a). Determine b(f).
-6
Let i(v) = 0 - 3*v + 1 + 4 + 2*v. What is i(-5)?
10
Let d(v) = 4*v**2 + v. Let l(z) = -17*z**2 - 5*z. Let t(w) = 9*d(w) + 2*l(w). What is t(3)?
15
Let k be -1 - (-1)/(2/(-6)). Let i be 0 + (k - -1) - -2. Let y(f) be the second derivative of -f**5/5 - f**4/12 - f**3/6 - f**2/2 - f. Give y(i).
3
Let x(w) = -w**3 + w - 9. Let y(g) = g**3 - 18*g**2 - 18*g - 19. Let h be y(19). Give x(h).
-9
Let v be (4 + 2)*3/(-6). Let g(d) = d + 4. Determine g(v).
1
Suppose 3*w - 3 = -9. Let y be w/(-3)*(-9)/(-2). Let l(a) = a**3 - a**2 - 2*a - 4. Calculate l(y).
8
Let y(a) = -a + 4. Suppose -3*g + 0*g = -3*u - 30, u = 3*g - 20. Calculate y(g).
-1
Let i = 16 - 15. Let s(o) be the third derivative of -o**5/12 + o**4/24 + o**2. Calculate s(i).
-4
Let j(o) = -5*o**3 - 3*o**2 + 4*o - 6. Let s(v) = v**3 + 2. Let b(k) = -j(k) - 4*s(k). Suppose -2*x + 3*a + 3 = 11, 0 = 5*x + 2*a + 20. Give b(x).
-2
Let i be 3/(72/98) + -4. Let c(s) be the second derivative of -s**3 + 0 - s + i*s**4 + 3*s**2. Determine c(5).
1
Let m(p) = 9*p**3 + 3*p - 56*p**2 - 2 + 50*p**2 - 2*p**3. Let d = -13 + 7. Let a(y) = 13*y**3 - 11*y**2 + 6*y - 4. Let v(z) = d*a(z) + 11*m(z). Determine v(2).
-12
Suppose -5*m + 4 + 41 = -4*i, 2*m - i = 15. Let p(n) = -m - 6*n + 0 + 7*n. Give p(5).
0
Let c(z) = 2*z**3 + 11*z**2 - 6*z + 2. Let t be c(-6). Let p(g) = -g**2 + 3*g - 2. Determine p(t).
0
Let d(g) = -3*g**2 + 3*g. Suppose 12*s - 9*s = 6. Calculate d(s).
-6
Let r(p) = -p**3 - 7*p**2 - 2*p - 9. Let n(g) = -9*g + 2. Let h be n(1). What is r(h)?
5
Let o = -5 - -8. Suppose p + 8 = -o*p. Let k(n) = n**3 + 2*n**2 - n + 1. What is k(p)?
3
Let s(g) = -2*g**3 + 11*g**2 - 11*g - 2. Let d(u) = 2*u**3 - 12*u**2 + 12*u + 3. Let b(n) = -6*d(n) - 7*s(n). Wha